e h + 419 = l*h. Is h a composite number?
False
Let o(n) be the second derivative of -n**5/20 + n**4/4 + n**3 + 2*n. Let m be o(5). Is (-623)/(-9) + m/90 a prime number?
False
Suppose 2*t = -2*t + 21064. Suppose 2*y - 5*p = -p + t, -y = 4*p - 2633. Is y a prime number?
True
Suppose 0 = -22*h + 18*h + 13752. Suppose -3*g - 2*a + h = -3021, -3*g = -4*a - 6459. Is g prime?
True
Suppose c = -5*s + 1490 + 2428, 5*c - 1558 = -2*s. Suppose 0 = -z - 4*n + 367, -5*n + 324 + s = 3*z. Is z composite?
True
Let x(i) = -6*i**2 - 4*i + 3 - i**3 - 2*i - 5. Let u be x(-5). Suppose 4*d + 488 = 5*d + u*n, -4*n = d - 489. Is d composite?
True
Let t be ((-130)/7 + (-4)/(-7))*-1. Let c = t - -123. Is c a composite number?
True
Let n = 572 - 396. Let x be (-2)/6 + n/24. Suppose 113 = x*v - 6*v. Is v a composite number?
False
Suppose -g = g, -3*g - 54 = -j. Let t = -88 + 123. Let c = j - t. Is c composite?
False
Suppose 0 = -g + 2*s + 54825, 32*g - 37*g - 2*s = -274149. Is g a prime number?
True
Suppose 2*c = 4*c + 2. Let i(x) = 2*x - 25*x**2 - 13*x**2 + 1 - 1 + 137*x**2. Is i(c) a prime number?
True
Let f = 20836 + -14589. Is f a prime number?
True
Suppose -4*c = -3*o - 578 + 1635, 4*c + 5*o = -1033. Let b = -148 - c. Is 1 - (-2)/(4/b) a composite number?
True
Let k(w) = -6 + w**2 - 15*w + 7*w - w**2 - w**2. Let u be k(-4). Suppose 5*p + 10 = -h + 900, 0 = -2*h - u. Is p a prime number?
True
Suppose 204*m + 172123 = 211*m. Is m a prime number?
False
Suppose 0 = -2*f + f + 1, f + 24 = 5*z. Suppose -2*v - 5*i = -15, -z*i + 6 - 1 = 0. Suppose 390 = v*q + h, 2*q + 26 = -4*h + 164. Is q prime?
True
Let j(n) = 173*n + 1. Let f be j(8). Suppose 3*q - f = 4*g, 5*q + 2*g = 3*q + 942. Is q prime?
True
Let f(s) = -s - 1. Let d(b) = 4*b - 5. Let w(a) = -d(a) + 3*f(a). Let m be (1/(-1))/((-2)/(-6)). Is w(m) a composite number?
False
Let c = -30 - 146. Let m = 465 + c. Is m a prime number?
False
Let z = -1135 - -709. Suppose 3*p = 2*g + 439, g = -5*p - 135 - 52. Let l = g - z. Is l a composite number?
True
Let f = -66 - -341. Is -1 + f + 0/20 a prime number?
False
Let j(z) = 16*z - 13. Let s(l) = 2*l + 4. Let a be s(1). Is j(a) a prime number?
True
Suppose 0*s = s - 15. Let p = s - 9. Is p prime?
False
Let u be 4/(-3) + (-312)/36. Let p = u - -16. Suppose 0 = -4*r + 12, -p*r + 157 = j - 2*r. Is j a prime number?
False
Is (2/(-6))/((-28)/777)*212 a composite number?
True
Suppose -4*t - 5*j = -2*j + 31, -4*j - 8 = 2*t. Is (-5)/(t/(-6)) - -82 prime?
True
Let m(d) be the third derivative of d**4/6 + 7*d**3/6 + 3*d**2. Suppose -5*k = 2*c + 3, -4*c + 49 - 13 = -4*k. Is m(c) prime?
True
Is ((-12813)/9)/((-24)/72) composite?
False
Let z(f) = 4*f**3 - 12*f**2 - 8*f - 30. Is z(11) a composite number?
True
Suppose 2*f - 13228 - 88278 = 0. Is f a composite number?
False
Let g = 100408 + -62621. Is g a composite number?
True
Suppose b + 3*b - 12 = 0. Let p be (0 - (b + 22)) + 3. Is (-1478)/(-22) - (-4)/p prime?
True
Let o = -5 + 9. Let x be ((-90)/(-75))/(6/(-20)). Is 1 - o - -232 - x a composite number?
False
Suppose 1025 = 5*w - 5*k, w + 4*k - 440 = -w. Suppose -21*a = -26*a. Suppose a = -4*o - 0*o - 4*l + 216, w = 4*o - 2*l. Is o prime?
True
Let c = -75 + 51. Is (8/c)/(1*(-2)/3894) a composite number?
True
Suppose 0 = -3*s + w - 270, 3*s + 154 + 116 = -5*w. Let f = 12 + -28. Let h = f - s. Is h prime?
False
Let t be -6*(-3)/24*4. Suppose 34 = -t*b + 271. Is b a prime number?
True
Let u(w) = 2*w**2 + 12*w + 11. Let d be u(-9). Let j = d + 24. Is j composite?
False
Let w(o) be the third derivative of o**5/60 + o**4/4 + o**3/2 - o**2. Let x be w(-6). Suppose -4*t + 129 = -j, 0*j = x*j + 15. Is t a composite number?
False
Let d = -678 + 1313. Is d a prime number?
False
Is ((-6)/(-4))/((-6)/(-16708)) prime?
True
Let u(r) = 166*r - 15. Is u(4) a prime number?
False
Is ((-1)/3)/(85883/42945 - 2) prime?
False
Let b(p) = -58*p**2 - 8*p + 3. Let k be b(-6). Let y = -1388 - k. Is y composite?
True
Let h(g) = -19*g**3 - 10*g**2 - 28*g - 80. Is h(-7) a prime number?
True
Suppose 5*o + 75 = 3*m + 5281, -3*o + 4*m = -3117. Is o prime?
False
Suppose a = -3*k + 61, 3*a = -4*k + 1 + 87. Suppose 3 = -4*m + k. Suppose 6*l - 536 = 2*l - 2*h, l - 125 = m*h. Is l a prime number?
False
Let u(q) = 14 + 7 - 6*q + 27*q**2 - 31. Is u(-7) prime?
False
Let o be ((-60)/24)/(2/(-80)). Suppose -4*x = 0, -3*x = 3*n - 494 - o. Let d = -87 + n. Is d a composite number?
True
Suppose -l - 147 = r, 0 = -5*r - 3*l - 569 - 166. Let z be -74*8/(-20)*(-50)/(-4). Let x = r + z. Is x a prime number?
True
Suppose -4*o - 1971 = -27335. Is o prime?
False
Let p(x) = 98*x**2 + 3*x - 1. Let d be 10/4*(-5 - -3). Let h = d + 7. Is p(h) a prime number?
True
Suppose 2*d + 4*q - 88 = -3*d, -4*q + 48 = 3*d. Suppose -c - 4*c = -d. Let r = c - -33. Is r prime?
True
Suppose -17*i + 14*i + 5*g = -124053, -i + 2*g + 41351 = 0. Is i composite?
False
Suppose -3*u - l = 3*l + 841, u - l = -271. Let w = 579 + u. Let p = w - 163. Is p a composite number?
True
Suppose -1 + 0 = -z. Let x = z - -1. Is (-32 - x)*(-10)/4 prime?
False
Let a(z) = z**2 - 2*z - 11. Let d be a(-5). Is (-3)/d + 0 + (-99174)/(-48) a prime number?
False
Suppose -7182 = -2*m - 5*r + 4*r, 4*r = -16. Is m a prime number?
True
Let l = 3829 - -1770. Is l a prime number?
False
Let f = 4510 + -1077. Is f a prime number?
True
Suppose -46532 = -3*m + d, -47079 = -2*m + 5*d - 16062. Is m prime?
True
Let n = 420 - -3851. Is n composite?
False
Is ((-42)/126)/((-2)/2442) a prime number?
False
Let i(t) = -52*t**3 + t**2 + 3*t + 13. Is i(-3) prime?
False
Suppose -4*p + 4*m = -6508, -12*p + 7*p = 4*m - 8099. Is p a prime number?
False
Suppose 5*f + 3*o = 9, -2*o = 3*f - 2 - 3. Is 5 + 9/f + (0 - 1) composite?
False
Let q(o) be the third derivative of -1/60*o**5 + 1/6*o**3 + o**2 + 0 + 0*o**4 + 211/40*o**6 + 0*o. Is q(1) composite?
True
Let q = 152 + -307. Let l = -100 - q. Is l prime?
False
Let y = 5 - 0. Let h(p) = 32*p**2 + 11*p - 4. Is h(y) prime?
False
Let o = -1497 - -3746. Is o composite?
True
Suppose -2*a = y + 4, 3*y + y = a - 16. Let n be ((-2)/4 + 1)*a. Is n + (57 - (-4)/2) a composite number?
False
Is 3 - (-85578)/(-8)*(-208)/39 a composite number?
True
Let t be ((-21)/12)/(-1 - (-39)/36). Is 7/t + 1579/3 prime?
False
Suppose -o = -3*t + 3*o - 38, 27 = -2*t + 3*o. Let r(z) = z**3 + z**2 + 2*z - 6. Let d(v) = -v**3 - v**2 - v + 5. Let c(n) = 7*d(n) + 6*r(n). Is c(t) composite?
False
Suppose 0 = -4*u - 8 - 0. Is (-2)/4 + (u - 3366/(-4)) composite?
False
Is (-7)/(84/42692)*-3 prime?
False
Let i = -35881 + 54398. Is i composite?
False
Suppose 4*m + 3543 = 3*i - 2769, 4*m + 3*i = -6288. Let t be (-2)/(-8) + m/(-36). Is 211/11 + (-8)/t a prime number?
True
Let i be 1*1/(-1) + -680. Let g = i - -1468. Is g a composite number?
False
Let s = 1777 - 1019. Is s a composite number?
True
Let o be 4/(12/75) - 1. Suppose -4*i - i - 20 = 0. Is 66654/o - (-1)/i a prime number?
True
Suppose -3*h = 5*w + 39835, -3*h + 4*w = -2*h + 13250. Is 2*-2*h/40 a prime number?
True
Let d = -1480 + 971. Let o be d + 1 + (-2 - 2). Let x = 925 + o. Is x prime?
False
Suppose 0 = -128*o + 135*o - 93289. Is o prime?
True
Suppose 0 = 4*u + 410 - 1038. Let v = u + 432. Is v composite?
True
Suppose 18 = -2*j + 85466. Let t be (-14)/(-49) + j/14. Suppose -4*z - t = -4*s, 0 = 4*s - s + z - 2281. Is s composite?
False
Suppose -45*g + 19924 = -41*g. Is g a prime number?
False
Suppose 4*c = -f + 19377, 5*c + 3*f - 6*f - 24200 = 0. Is c prime?
False
Let t = -16 - -21. Suppose 13*k - 4328 = t*k. Is k a prime number?
True
Let a = 58 + 6711. Is a a composite number?
True
Let b(l) = l**3 - 18*l**2 + 16*l - 24. Let t(h) = h**2 + 6*h + 3. Let f be t(-8). Is b(f) prime?
True
Let h be (-9440)/(-64)*(8/(-2))/2. Let z be 48/(0 - (-6)/(-21)). Let n = z - h. Is n composite?
False
Suppose 2*m = z + 1585, -4*m + z - 2*z = -3161. Suppose -3*c = 4*c - m. Is c a composite number?
False
Let g = 204 - -7517. Is g a composite number?
True
Let i be (12/18)/(2/(-9)). Let c be 12/i*(-3 + 1). Is (c/6)/((-4)/(-30)) a composite number?
True
Let g(s) = s**3 + 6*s**2 - 2*s - 10. Let f be g(-6). Suppose 4*v = f*l - 866, -2*l - l - 4*v = -1319. Is l prime?
False
Suppose -2*n + 2*f + 2930 = 0, -2*f = -4*n + 2045 + 3817. Is n/3*(-12)/(-8) a composite number?
Fa